ctor of 1124 and 80436812?
1124
What is the highest common divisor of 2775 and 111018315?
555
Calculate the highest common factor of 99511718 and 97.
97
Calculate the greatest common factor of 52 and 20997002.
26
What is the highest common divisor of 20 and 185204?
4
What is the greatest common divisor of 1581 and 2800323?
93
What is the greatest common factor of 111384 and 43576?
104
Calculate the greatest common factor of 3132552 and 7176.
24
What is the greatest common factor of 2041 and 447758662?
2041
What is the highest common factor of 4026 and 11015400?
66
What is the greatest common divisor of 775552545 and 57?
57
Calculate the greatest common factor of 18702 and 2218265.
1039
Calculate the highest common divisor of 985558 and 65518.
1394
What is the greatest common divisor of 9339965 and 160?
5
What is the greatest common divisor of 92841642 and 13446?
1494
What is the highest common factor of 779928 and 162?
6
What is the highest common divisor of 100 and 26300900?
100
What is the highest common factor of 1590390 and 30258?
738
What is the highest common factor of 6111 and 2317427?
679
Calculate the highest common divisor of 1068400 and 2560.
80
Calculate the highest common divisor of 129704 and 173848.
248
What is the greatest common factor of 46258 and 3511366?
202
What is the greatest common factor of 418 and 24947956?
22
What is the greatest common divisor of 54 and 4900473?
27
What is the greatest common factor of 53754 and 1453092?
1734
What is the greatest common divisor of 1259 and 203075?
1
What is the greatest common factor of 27168 and 560514894?
1698
Calculate the greatest common divisor of 1041033 and 917679.
1869
Calculate the highest common factor of 13 and 150878936.
13
What is the highest common factor of 30425958 and 1104228?
14922
Calculate the greatest common factor of 6295604 and 308.
28
What is the greatest common factor of 83175938 and 763?
109
Calculate the highest common factor of 152 and 24286408.
152
Calculate the greatest common factor of 255162 and 39766701.
2967
Calculate the highest common divisor of 26456490 and 70.
10
Calculate the greatest common factor of 239438325 and 150.
75
What is the highest common divisor of 874 and 17400637?
19
Calculate the highest common divisor of 531 and 519.
3
What is the highest common factor of 9209310 and 5310?
1770
What is the greatest common divisor of 48708516 and 1044?
348
What is the highest common divisor of 9912980 and 3280?
820
Calculate the highest common factor of 15579 and 3700878.
1731
Calculate the greatest common divisor of 4328373 and 368277.
1491
What is the highest common divisor of 9730 and 3077460?
1390
What is the greatest common divisor of 232750713 and 1703?
1703
What is the greatest common divisor of 38358541 and 169?
13
What is the highest common divisor of 4259794 and 205766?
4378
What is the greatest common divisor of 40426 and 3726326?
2378
What is the greatest common factor of 12 and 22381772?
4
What is the greatest common factor of 91460479 and 22?
11
Calculate the greatest common divisor of 106044 and 2.
2
Calculate the greatest common divisor of 41401532 and 57.
19
Calculate the greatest common divisor of 86460036 and 5382.
1794
Calculate the highest common divisor of 6252804 and 2822.
34
What is the highest common divisor of 22686920 and 814?
74
What is the greatest common factor of 8910 and 354047760?
8910
What is the highest common factor of 34308740 and 2088?
116
What is the highest common factor of 372470 and 5781110?
3130
What is the greatest common factor of 6055 and 6191843?
1211
What is the highest common divisor of 4042 and 7912?
86
What is the greatest common factor of 37592 and 4885480?
296
What is the highest common divisor of 65114756 and 217?
217
What is the highest common divisor of 185570 and 801185?
385
What is the highest common factor of 10829 and 978945?
17
What is the greatest common divisor of 77240 and 85112?
8
What is the highest common factor of 10542689 and 9860?
29
What is the greatest common factor of 840 and 17992760?
40
Calculate the highest common factor of 1925 and 3558375.
25
What is the highest common divisor of 59460867 and 852?
213
Calculate the highest common factor of 5536217 and 167.
167
Calculate the greatest common divisor of 38860228 and 308.
44
What is the greatest common factor of 41619960 and 4895?
445
Calculate the greatest common divisor of 7621712 and 128.
16
What is the highest common factor of 4725 and 1318575?
75
Calculate the greatest common divisor of 1622035 and 1246090.
1765
Calculate the highest common divisor of 16992 and 1449036.
36
What is the highest common divisor of 248059 and 980?
7
What is the greatest common divisor of 810 and 766910?
10
Calculate the greatest common divisor of 50778 and 20777967.
1953
Calculate the highest common factor of 124 and 157233736.
124
Calculate the greatest common divisor of 480 and 10280100.
60
What is the highest common factor of 48 and 72544?
16
What is the highest common factor of 234 and 2993011788?
78
Calculate the greatest common factor of 738616 and 3944.
136
Calculate the greatest common divisor of 90 and 84577455.
45
What is the greatest common divisor of 2675772 and 9702?
198
What is the highest common divisor of 161762 and 82766?
58
Calculate the greatest common factor of 153392 and 1304.
8
What is the highest common divisor of 54226024 and 2456?
2456
Calculate the greatest common divisor of 1005 and 1259935.
335
What is the greatest common divisor of 20791 and 9809?
17
Calculate the highest common factor of 2331 and 215964.
63
What is the highest common factor of 268 and 431947526?
134
Calculate the highest common factor of 225 and 17270325.
225
Calculate the greatest common divisor of 2277110 and 629666.
254
What is the highest common divisor of 15626871 and 65?
13
What is the greatest common factor of 4 and 25824481?
1
Calculate the greatest common divisor of 18525 and 695685.
285
What is the highest common factor of 50319 and 49491?
9
Calculate the greatest common factor of 362847292 and 4412.
4412
What is the greatest common factor of 4119796528 and 16?
16
Calculate the greatest common divisor of 13473621 and 83349.
1701
What is the greatest common divisor of 103074829 and 1235?
247
Calculate the highest common factor of 8160970 and 1075.
215
What is the highest common divisor of 1388511 and 153?
9
What is the greatest common divisor of 138800700 and 1800?
900
Calculate the highest common divisor of 98397402 and 2004.
1002
What is the highest common divisor of 177927 and 8562912?
1401
What is the highest common factor of 261 and 522087?
87
Calculate the highest common divisor of 170 and 9716571.
17
What is the greatest common divisor of 10750 and 7760210?
430
Calculate the highest common divisor of 504975167 and 542.
271
Calculate the highest common factor of 88 and 10111552.
88
Calculate the highest common factor of 3569752 and 242128.
3272
What is the highest common factor of 1196 and 310684?
92
Calculate the highest common divisor of 8982463 and 103469.
967
Calculate the greatest common factor of 78554152 and 185222.
5006
Calculate the greatest common divisor of 146838904 and 1880.
376
What is the highest common factor of 10 and 9017320?
10
What is the greatest common factor of 4228 and 901152?
28
Calculate the greatest common factor of 465 and 6996607.
31
What is the highest common factor of 2407 and 84593?
29
What is the greatest common factor of 43361 and 2225297?
131
What is the highest common divisor of 2974594 and 26670?
1778
Calculate the greatest common divisor of 64970835 and 15.
15
What is the highest common factor of 10091312 and 12208?
112
Calculate the greatest common factor of 260790 and 24000.
30
Calculate the greatest common divisor of 10276179 and 320421.
2523
Calculate the highest common factor of 27990 and 60023.
311
Calculate the greatest common factor of 2075 and 1082075.
25
Calculate the greatest common divisor of 564 and 247910007.
141
Calculate the highest common factor of 1018963 and 1727.
11
What is the greatest common factor of 221 and 150270803?
17
Calculate the greatest common factor of 31940013 and 186.
93
What is the highest common divisor of 1296 and 14838876?
324
Calculate the highest c